 + 415. What is the thousands digit of t(16)?
1
Let m = 25 + -23. Suppose 55 = -3*t + 2*p + 305, -m*p = 5*t - 438. What is the units digit of t?
6
Let s(f) = -f**3 - 10*f**2 - 10*f - 7. Let w be s(-9). Suppose -4*j = 5*m - w*j - 101, -2*m + 34 = 4*j. Suppose -3*u = -0*u - m. What is the units digit of u?
7
Let f(b) = -b**2 + 1. Let l(u) = -u**2 + 4*u + 8. Let o(k) = -6*f(k) + l(k). Suppose -n + 1 = 4. What is the units digit of o(n)?
5
Let a be ((-491)/(-3))/((-4)/(-12)). Suppose -11*p + 15 + a = 0. What is the units digit of p?
6
Let d(c) = -10 - 2 + 15 + c. What is the units digit of d(5)?
8
Let k be (-1 + -2)/(24/(-536)). Let z = -26 + k. What is the units digit of z?
1
Let t(y) = -y**2 - 15*y + 15. Let n be t(-16). What is the units digit of (n - 3) + -1 + 18?
3
Suppose -8620 = -2*c - 2*i, 0 = 7*i - 8*i. What is the hundreds digit of c?
3
Let l(w) = 13*w**2 + 11*w + 29. What is the tens digit of l(-4)?
9
Suppose -4*l = -4*g + g - 97, 30 = l + 5*g. Let h = -7 + l. What is the tens digit of h?
1
Let y(h) = h**2 - 2*h + 15. What is the tens digit of y(-10)?
3
Suppose -3*o + 4 + 8 = 0. Suppose -o*i + 640 = 3*y, i = y - 24 - 194. What is the tens digit of y?
1
Suppose -273*r + 269*r = -52. What is the tens digit of r?
1
Let c be 303/9 - 2/3. Let b = -8 + 7. Let y = c + b. What is the units digit of y?
2
Let x(o) = 17*o + 9. Let v be x(16). Suppose -4*l - 2*t = -v - 101, -4*l + 4*t = -400. What is the units digit of l?
7
Let x be 12/9*3 + 0. Suppose x*k - 32 = -2*o, o + 3*o + 8 = 0. What is the units digit of k?
9
What is the units digit of (0 + -1)*3/(15/(-2405))?
1
Suppose 1047*r - 2716 = 1040*r. What is the units digit of r?
8
Suppose 2*j + 2*s + 1 = j, -4*j - 24 = 3*s. What is the units digit of (-5 + 0)/(j/144)?
0
Let u(v) = -27*v**3 - 8*v**2 - 23*v - 52. What is the units digit of u(-4)?
0
Let b(h) = 2*h**2 - 2*h - 2. Let q be b(4). What is the units digit of (q/33)/((-4)/(-78))?
3
Suppose o + p + 4 = -0*p, -5*o - 3*p = 10. Let s be ((-10)/4)/((-6)/12). Suppose -s*z - t + o = 0, -z = 3*t - 1 + 12. What is the units digit of z?
1
Suppose 2*t + t + 6 = 0. Let u = 28 - 5. Let c = u + t. What is the units digit of c?
1
Suppose -2*u + 3 = -5. Suppose -261 = -5*z + u*y, -2*z = 5*y - 34 - 77. Let j = z + -35. What is the units digit of j?
8
What is the units digit of (1449/(-9) - 3)/((-2)/4)?
8
Suppose -t + 49 = 2*q, 3*t = 5*q - 0*q - 128. Suppose -25 = -2*w + w - 5*p, -2*w - q = -5*p. Suppose -r + 50 = -w*r. What is the tens digit of r?
5
Suppose 3*o - 3*a = -2*a - 97, -5*a = -5. Let i = 74 + o. What is the units digit of i?
2
Let w(j) be the third derivative of j**4/4 + j**2. Let n be w(1). Suppose 4*u + i = 236, -3*i + 6 + n = 0. What is the units digit of u?
8
Let g(u) = u - 10. Let d be g(8). Let t be (1*-2)/(d + 0). What is the units digit of t/(54/(-14) - -4)?
7
Let h be (-4 - -4 - 0) + 2. Let l(t) = 32*t - 4. What is the tens digit of l(h)?
6
Let x = 3027 + -1753. What is the hundreds digit of x?
2
Let j = 75 + -68. What is the units digit of j?
7
Suppose 87903 = 64*x - 29985. What is the units digit of x?
2
Let w(o) be the first derivative of 5*o**3/3 + 3*o**2 - 10*o + 8. Let z be w(4). Let t = -25 + z. What is the tens digit of t?
6
Let r = -86 - -124. Let k be (-22)/33 - r/6. What is the units digit of (-1 - k)*6/18?
2
Suppose -4*l + 63 = -5*w, 5*l - 2 - 30 = 2*w. Let h be (2/(-3))/(8/(-204)). Let c = h + w. What is the units digit of c?
6
Suppose 30*c - 26*c = 12. Suppose 0*b + c*b = 39. What is the units digit of b?
3
Let b(d) = -d**3 + 14*d**2 + 15*d. Let a be b(15). Suppose -3*y - n + 4 = -0*y, y - n - 4 = a. What is the units digit of y - (0 - -3)*-1?
5
Let q = 167 - 157. Let z(h) = -6*h - 5*h**3 + 6*h**3 + 12 + 1 - 9*h**2. What is the tens digit of z(q)?
5
Let d(i) = -10*i**3 - i**2 + 5*i + 1. Let h(a) = a**3 - a**2 - a - 1. Let y(f) = -d(f) - 3*h(f). What is the hundreds digit of y(3)?
2
Let o(c) be the third derivative of c**2 + 0*c + 0 - 1/6*c**3 + 1/8*c**4. What is the tens digit of o(8)?
2
Suppose -4*t - 16*w + 18*w + 1852 = 0, -2*t - 3*w + 934 = 0. What is the units digit of t?
4
Let n(b) = b**3 + 3*b**2 - 6*b + 1174. What is the thousands digit of n(0)?
1
Let a(s) = 9*s**2 + s. Let o(i) = -2 + 10*i + 2 + 0*i**2 + 100*i**2. Let q(h) = 45*a(h) - 4*o(h). What is the tens digit of q(-3)?
3
Let l = 13 - 14. Let m = l + 9. Let h = 19 - m. What is the tens digit of h?
1
Let o = -1940 + 2796. What is the hundreds digit of o?
8
Let v = 4 - 4. Let r be v - 3*(-3 - -2). Suppose -2*n + 18 = -5*o - 16, 5*o + 46 = r*n. What is the tens digit of n?
1
Let m = 88 - 20. Let x = 143 - m. What is the units digit of x?
5
Let w(b) = -10*b - 5. Let h be w(-3). Suppose 4*l - 6*l = f + 5, 4*f = 4*l + 4. What is the units digit of h - (6/f)/3?
7
Let w be (2/(-2))/((-4)/(-4)). What is the tens digit of w/3 + -5 + (-245)/(-15)?
1
Suppose -g + 16 = -3*n + 38, 2*g - 19 = -3*n. Suppose 1328 = n*j + j. What is the hundreds digit of j?
1
Let m = -15 - -18. Suppose m*y + 2*i = 2, -4*y + i = 6*i + 2. Suppose 4*h - 116 = y*o, -4*h - 2*o + 12 = -104. What is the tens digit of h?
2
Suppose m - 6*m - 24 = 4*d, -m = -4*d. What is the units digit of (-310)/m + (-5)/30*3?
7
Suppose 28*q + 10 = 33*q. What is the units digit of 66 - (10/(-15))/(q/6)?
8
Let d(h) = -h + 8*h - 6*h + 22. What is the units digit of d(0)?
2
Suppose 43 = 4*k + 3*g, -5*g + 25 = 2*k - 0. Suppose 5*w + 0*w - 2*j + 34 = 0, 2*w + j = -k. What is the units digit of (6/2)/((-2)/w)?
9
Let p = -286 - -454. What is the units digit of p?
8
Suppose -l = 3*w + 4*l - 70, w = -l + 22. Suppose w*r = 17*r + 309. What is the tens digit of r?
0
Let x(w) = -w**2 - w + 62. Let k be x(0). Let b = k - 32. Suppose 0 = -12*r + 14*r - b. What is the units digit of r?
5
Let m(t) = -2*t**2 + 8*t - 2. Let v(i) = 8*i**2 - 33*i + 8. Let k(d) = 9*m(d) + 2*v(d). Let p be k(4). Let h = 29 + p. What is the units digit of h?
9
Let h(b) = -428*b + 57. What is the tens digit of h(-9)?
0
Let t = -367 + 305. Suppose 58 + 59 = d. Let u = t + d. What is the units digit of u?
5
Suppose -49*i - 59*i + 420336 = 0. What is the tens digit of i?
9
Suppose 2*t - 3 + 35 = 0. Let k = 20 + t. Suppose -f = -5*m - 9, m + 4*m - 61 = -k*f. What is the units digit of f?
4
Let y be 1*8*(-8)/(-32). Suppose -492 = -y*a - 3*a - 2*v, a - 2*v = 96. What is the tens digit of a?
9
Let p(s) = s**2 - 2*s + 3. Let b be p(0). Suppose -64 = -n - b*n. Let l = 3 + n. What is the units digit of l?
9
Let w(i) = -67*i**3 - 3*i + 4. Let m be w(2). Let l = m - -761. What is the hundreds digit of l?
2
Let w(a) = -a**2 - 3*a - 10. Let v be w(-5). Let c = -5 - v. What is the tens digit of c?
1
What is the hundreds digit of (16 - -1)*(-1 + 53 + 2)?
9
Suppose -5*p + 4*i = 6*i - 1, 0 = 3*p + 3*i - 6. What is the tens digit of (5/(-20) - (-353)/4) + p?
8
Let u = 0 + -4. Let h be (-1884)/(-78) - u/(-26). Suppose -30 - h = -3*d - 2*z, -2*z = 0. What is the tens digit of d?
1
Let a(m) = m**3 - 6*m**2 + 5*m + 5. Let y be a(5). Suppose -3*h - 89 + y = -v, -2*v = 3*h - 213. What is the tens digit of v/2*8/12?
3
Let q = -358 - -363. Let o = 1 + -3. What is the units digit of 378/45 + o/q?
8
Let f(q) = 11*q**2 - 1. Let a = -4 - -8. Let s = a + -5. What is the tens digit of f(s)?
1
Suppose -8*r + 3*r - 5*k = -6115, -3*k + 4895 = 4*r. What is the hundreds digit of r?
2
Suppose 2*t - 4*b + 139 = 7*t, t - 43 = 3*b. Suppose 3*i - t = 38. Suppose -w - 6 = -4*j + i, -w - 8 = -j. What is the units digit of j?
7
Suppose -3*j = 0, -3*g + 70*j + 11172 = 66*j. What is the thousands digit of g?
3
Suppose -28*t + 32*t - 328 = 0. Let w = t + -58. What is the tens digit of w?
2
Let q = 75 - 78. What is the tens digit of -1 + q - (0 - 44)?
4
Suppose 129*q - 136*q + 8575 = 0. What is the units digit of q?
5
Suppose 3*h + 5*w = 8 + 19, -4*h + 22 = 2*w. Suppose z - 4*z + 18 = 0. What is the units digit of h*(9/z - 1)?
2
What is the units digit of (2/5)/(1/745)?
8
Let z be (-3)/(-9)*(0 + (0 - -9)). Suppose -z*r = -5*d - 398, 3*r + 4*d = -0*r + 416. What is the tens digit of r?
3
Let i = 9 - -5. Let p = i - 6. What is the units digit of p?
8
Suppose -398 = -2*i + 2196. What is the tens digit of i?
9
Let s(c) = c**2 + c + 3. Let f(m) = -2*m. Let i be f(-2). Suppose -2*k - 2*k = 5*n + i, -3*k - 6 =